
Suppose 0 = -17588*a + 17603*a - 6705. Calculate the highest common divisor of 3427 and a.
149
Suppose 0 = -f - 3*y + 72, 0*f - f - y = -76. Suppose 0 = 23*t - 25*t + f. Let c = 66 - t. Calculate the highest common factor of 9 and c.
9
Suppose a = i - 75 + 794, 0 = -a - i + 721. Let x be (a/(-64))/((-3)/16). What is the highest common divisor of x and 24?
12
Let u = -2392 + 2602. Calculate the greatest common factor of u and 240.
30
Suppose 26*o + 4*m = 27*o - 112, o + 3*m = 84. Calculate the greatest common divisor of o and 4776.
24
Let w(f) = f**2 - 9*f + 57. Let x be w(7). Let h be (741/(-19))/((-9)/129). What is the highest common divisor of x and h?
43
Let t(p) = 3*p - 2. Let b be t(6). Suppose 2*w - 42 - 2006 = 0. Suppose w = 82*m - 74*m. What is the greatest common factor of b and m?
16
Suppose 5 = 5*j, -n + 5*n = 4*j + 40. Let z be 7 - n - (-373 - -4). What is the highest common divisor of z and 73?
73
Let y(w) = 2*w**2 + 27*w + 4. Let o be y(-24). Suppose 2*c + 10*k - 258 = 9*k, o = 4*c - 2*k. Calculate the highest common divisor of 96 and c.
32
Let l(k) = -18*k - 19. Let g(v) = -2*v**2 + 23*v - 48. Let o be g(9). Let q be l(o). Calculate the greatest common factor of 5 and q.
5
Let r be (-584466)/(-84) - (-11)/(770/5). Calculate the highest common factor of r and 568.
142
Suppose -1215 = -16*b + 11*b. Suppose 0 = -0*f - 4*f + 4. Let l be -3 + (26 - (f + -5)). Calculate the greatest common factor of l and b.
27
Let d(z) = 39*z - 40. Let l be d(2). Suppose -5*g - 5*s - l = -113, 0 = 4*g + 5*s - 60. What is the highest common divisor of g and 120?
15
Let u be 290/35 - 1*-2*6/(-42). What is the greatest common divisor of u and 24?
8
Let g = 247 + -264. Let s(m) = -m**3 - 18*m**2 - 20*m + 7. Let c be s(g). What is the highest common factor of c and 754?
58
Suppose 54*a = 51*a + 2*k + 327, 3*k = 3*a - 333. Calculate the greatest common divisor of 6 and a.
3
Suppose 186 - 1418 = -2*t. Suppose 0 = 11*b - 528 - t. Suppose 5*r + 3*m - 191 = 329, 0 = -r + 3*m + b. Calculate the highest common divisor of 13 and r.
13
Suppose 4*b + 54 = 534. Let i be ((-296)/10)/((-16)/b). Calculate the highest common factor of 148 and i.
74
Let j be 2173 - (-39 + 41)*(-6)/4. Calculate the greatest common divisor of 128 and j.
128
Let v be (28/(-8) - -4)/((-2)/(-12)). Let o be 7 + (2 - (v - 2)). Suppose o + 14 = r. What is the highest common factor of r and 33?
11
Let g(k) = -4 + 3 + 11 + 15*k**2. Let x be g(4). What is the highest common divisor of x and 10?
10
Let d(p) = -78*p - 828. Let n be d(-11). Calculate the greatest common factor of n and 735.
15
Suppose -5*p = -3*w + 577, 0*w + 5*w - 975 = 5*p. Let n = w - 189. Let x = 15 + 5. What is the greatest common divisor of x and n?
10
Let c = 377 - 217. Suppose -k - 4*k = -c. Let l = k - 28. Calculate the highest common factor of 4 and l.
4
Let z(d) = d**2 - 18*d - 7. Let c be z(-3). Suppose 288 = -70*w + 88*w. What is the greatest common divisor of w and c?
8
Let p be (-6)/42 - 8001/(-441). Let m(l) = 2*l**2 + 8*l + 3. Let r be m(-7). What is the greatest common divisor of p and r?
9
Let y(q) = 26*q + 339. Let h be y(26). Calculate the greatest common factor of 1595 and h.
145
Let p = -117 + 122. Suppose 30 - 19 = 2*f - 3*n, 0 = p*f - 4*n - 24. Let v(a) = 2*a - 2. Let l be v(6). Calculate the greatest common divisor of l and f.
2
Let f(n) = -n**2 + 62*n - 790. Let d be f(20). Calculate the highest common divisor of 2050 and d.
50
Let o(f) = f + 20. Let l be o(-5). Let a = l - 11. Suppose -z = a*n - 499, 0 = z - 1 + 6. Calculate the greatest common divisor of 7 and n.
7
Let u be (11 + 363/(-22))/(2/(-104)). What is the highest common factor of 1958 and u?
22
Let z(c) = -87*c**3 + 3*c**2 + 2*c. Let n be z(-1). Let j = -28 + n. Let b be 22 - (0/(-3) + -2). What is the highest common factor of b and j?
12
Suppose 71*q = 53*q + 342. Suppose 0 = 17*k - q*k + 90. What is the highest common factor of k and 243?
9
Suppose 4*h = 4*b - 540, 4*b + 0*b + 4*h = 532. Let g = 139 - b. Let w be (-2)/3 + 548/12. Calculate the highest common divisor of g and w.
5
Let p be (7*(-96)/(-84) - 0/(-2)) + 3117. What is the highest common divisor of p and 750?
125
Let b = -363 + 545. Suppose -13*f = -26 - b. Calculate the highest common factor of 136 and f.
8
Suppose -m = 2*g - 2881, 84*m + 2889 = 85*m - 2*g. Let u = m - 1725. What is the highest common factor of u and 20?
20
Let z(b) = -29*b - 28. Let l be z(-9). Suppose -28*w = -l - 47. Calculate the highest common divisor of w and 50.
10
Suppose 120*s - 390 = 115*s. Suppose 0 = -2*o + a + 174, 5*a - 10*a - s = -o. What is the greatest common divisor of 11 and o?
11
Let i = 3885 - 3825. Calculate the highest common factor of i and 1610.
10
Let r be (1 - 9)/(8/(-132)). Let w be (-2 - 46/(-8))/((-735)/(-588)). What is the greatest common divisor of r and w?
3
Let v be ((-12)/8)/(0 + 9/(-42)). Suppose 0 = -v*x + 3 + 4. Let t = 3 - x. What is the highest common factor of t and 2?
2
Let u(p) = -10*p**2 - 13 - 188*p + 85*p + 90*p. Let k(c) = c**2 + c. Let f(h) = -5*k(h) - u(h). Let q be f(-2). What is the highest common divisor of q and 187?
17
Let j be 12/(-54) - 27364/(-18). Let f = -21649 + 21729. What is the highest common divisor of f and j?
80
Suppose 25*o = 11*o + 1276 - 100. Calculate the highest common divisor of o and 396.
12
Let m be 48/(-5) + (-4)/10. Let i = m + 19. Let a = -2817 + 2862. What is the highest common factor of i and a?
9
Let b = -687 - -5058. Calculate the greatest common divisor of b and 282.
141
Suppose 28*b + 7040 = 36*b. Suppose -b = -4*s - 4*s. Calculate the highest common factor of 385 and s.
55
Let c(p) = -13*p**3 + 10*p**2 - 17*p - 154. Let b be c(-6). What is the highest common divisor of b and 380?
76
Let j(z) = -3*z + 30. Let r be j(6). Let o(s) = -3*s**2 + 27*s - 3. Let b be o(r). Let x = 116 + b. What is the highest common divisor of x and 5?
5
Suppose 4200 = -71*x + 86*x. Calculate the highest common factor of x and 1000.
40
Suppose -86*c + 102 = -930. Let t = 0 - -6. What is the highest common factor of t and c?
6
Let x be ((-694)/(-4))/(315/17010). What is the greatest common factor of x and 27?
27
Let d be 65*23*(94/564 - (-13)/30). Calculate the highest common divisor of 115 and d.
23
Let u(x) = 3*x + 20. Suppose 6*i = 3*i - 12. Let n be u(i). Let y be (-8)/(((-9)/(-30))/(-3)). What is the highest common divisor of n and y?
8
Let k = 194 - 194. Suppose k = -43*m + 38*m + 1920. What is the highest common factor of 24 and m?
24
Suppose -8*l + 92*l = 3138 + 1398. What is the greatest common factor of 297 and l?
27
Let u be 128/7 - 4/14. Suppose 108*t + 28*t + 28*t = 328. What is the greatest common divisor of u and t?
2
Suppose -5*j + 0*j = -5. Let d be (10 - 1)/(j/5). Let u(h) = h**3 + 15*h**2 + 33*h - 9. Let p be u(-9). What is the greatest common factor of d and p?
45
Let s be -72 + ((-348)/108 - (-2)/9). Let g = -68 - s. What is the highest common factor of 14 and g?
7
Let d = 4990 + -4960. Calculate the greatest common factor of 8790 and d.
30
Let h be 1/((-25)/4 + 6). Let o be h/8 + (-1712)/(-32). What is the highest common factor of 848 and o?
53
Let k be (-10)/4*(-244)/305. Suppose 578 = 19*y - k*y. Calculate the highest common factor of y and 272.
34
Suppose 2*u = -379 + 113. Let a = -129 - u. Let r = 12 + -8. What is the highest common factor of a and r?
4
Suppose 36 = -3*i - j + 98, 150 = 5*i - 3*j. Let m = -788 + 1112. What is the highest common factor of i and m?
12
Suppose -52 = -f - 27. Let s = 45 - 34. Suppose 2*d = s + 9. What is the highest common factor of d and f?
5
Let r be -3 - ((-117)/(-156) - 12030/8). What is the greatest common divisor of r and 36?
12
Let j(x) = -3*x**3 - x**2 + 1. Let o be j(-1). Let r = -62552 + 62559. Calculate the highest common factor of o and r.
1
Suppose -6*q - 24 = -0*q. Let n be (-12)/q*(17 - 2). Suppose 0 = -f - 0 + 5. Calculate the greatest common divisor of f and n.
5
Let h be 97/(((-14)/854)/(-1)). What is the greatest common divisor of 122 and h?
61
Suppose 2*h + 309 = 5*h. Let a(g) = 3*g**2 + 392*g - 425. Let i be a(-132). Calculate the greatest common divisor of i and h.
103
Let c = -380515 + 380523. Suppose 4*w - 5*d = 271, -w - w + 5*d = -143. What is the greatest common divisor of w